47
Calculate the greatest common factor of 558 and 88257.
93
What is the highest common factor of 14391 and 54981?
369
Calculate the greatest common divisor of 12300 and 7995.
615
Calculate the greatest common divisor of 8 and 4170376.
8
What is the highest common divisor of 3024 and 117180?
756
What is the greatest common factor of 62887 and 77?
11
Calculate the highest common factor of 16278 and 12.
6
What is the greatest common factor of 10432 and 34656?
32
What is the greatest common divisor of 816 and 28152?
408
Calculate the greatest common factor of 65696 and 96.
32
What is the greatest common divisor of 244000 and 11224?
488
What is the highest common divisor of 4974825 and 678?
339
Calculate the greatest common factor of 2816 and 273920.
256
Calculate the greatest common divisor of 118047 and 9747.
1083
Calculate the greatest common divisor of 2048 and 5.
1
What is the highest common divisor of 141680 and 224?
112
Calculate the greatest common factor of 8829 and 33696.
81
What is the greatest common divisor of 22679 and 1?
1
Calculate the greatest common divisor of 24069 and 1017.
339
Calculate the greatest common factor of 8996790 and 3980.
1990
Calculate the greatest common divisor of 52 and 861549.
13
What is the greatest common factor of 502285 and 6223?
889
What is the highest common divisor of 20 and 4920?
20
What is the highest common divisor of 584525 and 25?
25
What is the highest common factor of 2299 and 46189?
209
Calculate the highest common divisor of 362145 and 840.
105
Calculate the highest common factor of 299 and 1053.
13
Calculate the greatest common factor of 228 and 6942.
6
Calculate the highest common divisor of 412 and 69731.
103
Calculate the highest common divisor of 419200 and 24.
8
Calculate the greatest common divisor of 1943 and 2948.
67
Calculate the highest common factor of 1005 and 8643.
201
Calculate the greatest common divisor of 1210 and 14410.
110
What is the greatest common divisor of 40 and 824648?
8
What is the highest common factor of 77 and 41371?
11
Calculate the highest common divisor of 1 and 31075.
1
What is the highest common factor of 136 and 3502?
34
Calculate the greatest common factor of 54272 and 55544.
424
What is the greatest common factor of 1784 and 54635?
223
What is the highest common divisor of 12 and 4890?
6
What is the highest common factor of 4360500 and 51?
51
What is the highest common factor of 71421 and 19?
19
What is the highest common factor of 5290 and 1564?
46
Calculate the greatest common factor of 18765 and 1755.
135
Calculate the highest common divisor of 869 and 7979.
79
Calculate the highest common divisor of 12800 and 3136.
64
What is the greatest common factor of 12418 and 70?
14
What is the greatest common factor of 24 and 12805752?
24
What is the greatest common divisor of 628 and 23636?
4
Calculate the highest common divisor of 14612 and 104.
52
What is the highest common factor of 5463 and 981?
9
Calculate the highest common factor of 55616 and 33.
11
Calculate the highest common divisor of 2210 and 1219478.
442
Calculate the greatest common divisor of 90 and 44990.
10
Calculate the highest common factor of 87657 and 366.
183
What is the highest common divisor of 6670 and 4145?
5
What is the highest common divisor of 630 and 7533?
9
What is the greatest common factor of 40052 and 21793?
589
Calculate the highest common factor of 2056 and 13621.
257
What is the highest common factor of 454 and 74?
2
What is the greatest common divisor of 79 and 3456645?
79
What is the greatest common divisor of 176764 and 413?
413
What is the highest common divisor of 9144 and 30226?
254
What is the greatest common divisor of 438 and 31755?
219
Calculate the greatest common factor of 596936 and 124.
124
What is the highest common divisor of 289380 and 53?
53
Calculate the greatest common factor of 74949 and 387.
129
Calculate the greatest common divisor of 2562 and 1974.
42
Calculate the greatest common factor of 10 and 201770.
10
Calculate the greatest common divisor of 5526 and 1278.
18
What is the highest common divisor of 122 and 8845?
61
What is the highest common divisor of 2570 and 94?
2
Calculate the highest common divisor of 225 and 85149.
9
Calculate the greatest common factor of 427443 and 57.
57
Calculate the greatest common divisor of 1273455 and 1.
1
What is the highest common divisor of 260 and 389415?
65
What is the highest common divisor of 199464 and 24?
24
What is the greatest common divisor of 5043 and 214143?
123
What is the greatest common divisor of 225 and 193575?
75
Calculate the highest common divisor of 43 and 2965925.
43
What is the highest common factor of 56 and 47278?
14
What is the highest common divisor of 1306745 and 506?
253
What is the highest common divisor of 1290 and 3370?
10
What is the greatest common divisor of 6874057 and 199?
199
Calculate the greatest common divisor of 160 and 37360.
80
What is the highest common divisor of 360684 and 396?
36
Calculate the highest common divisor of 159805 and 5890.
155
Calculate the greatest common divisor of 408 and 1666.
34
Calculate the greatest common divisor of 86 and 537887.
43
Calculate the greatest common divisor of 57313 and 652129.
1549
What is the highest common divisor of 37248 and 66048?
384
What is the greatest common factor of 31900 and 1980?
220
What is the highest common divisor of 366560 and 2204?
116
What is the greatest common factor of 73954 and 618?
206
Calculate the greatest common divisor of 46828 and 92.
92
Calculate the greatest common divisor of 110 and 68860.
110
Calculate the greatest common divisor of 179530 and 130.
130
Calculate the greatest common divisor of 743067 and 39.
39
Calculate the highest common factor of 2054606 and 762.
254
What is the highest common factor of 76 and 37012?
76
Calculate the highest common factor of 1062464 and 156.
52
What is the highest common divisor of 15870 and 1470?
30
What is the highest common factor of 78913 and 80592?
1679
What is the highest common factor of 495 and 1179?
9
What is the greatest common factor of 389 and 7391?
389
Calculate the greatest common factor of 360 and 155600.
40
Calculate the greatest common divisor of 657 and 507861.
657
Calculate the highest common divisor of 249667 and 22.
11
What is the highest common divisor of 828 and 559107?
207
Calculate the greatest common divisor of 1170 and 90870.
390
What is the highest common divisor of 2016 and 1932?
84
What is the highest common factor of 451 and 2173?
41
Calculate the highest common factor of 481 and 213083.
481
What is the greatest common divisor of 17039 and 143?
11
Calculate the greatest common divisor of 186072 and 12.
12
Calculate the greatest common factor of 15 and 39027.
3
Calculate the highest common factor of 5126350 and 629.
629
Calculate the greatest common factor of 4420 and 1037.
17
What is the greatest common divisor of 140 and 49252?
28
What is the highest common factor of 41998 and 2024?
506
What is the highest common divisor of 56 and 257232?
8
Calculate the highest common divisor of 92 and 1005997.
23
Calculate the highest common divisor of 215 and 142201.
43
What is the highest common factor of 36090 and 370?
10
What is the highest common divisor of 15924 and 564?
12
Calculate the highest common divisor of 126760 and 15.
5
What is the greatest common divisor of 96966 and 18?
18
Calculate the highest common factor of 63 and 70861.
7
Calculate the greatest common divisor of 19352 and 23206.
82
What is the highest common factor of 657711 and 27?
9
Calculate the highest common divisor of 320 and 12368.
16
What is the greatest common factor of 14039 and 505?
101
What is the greatest common factor of 519 and 249?
3
Calculate the greatest common factor of 1552 and 291.
97
What is the highest common factor of 2553 and 295297?
851
Calculate the greatest common divisor of 540 and 250280.
20
What is the highest common divisor of 186 and 10277244?
186
What is the highest common divisor of 60 and 123930?
30
What is the highest common factor of 2493 and 5868?
9
What is the highest common divisor of 13230 and 755874?
882
What is the highest common divisor of 2944599 and 84?
21
Calculate the greatest common divisor of 148960 and 80.
80
What is 